 number?
False
Is 19823575417 a composite number?
True
Is 4351563847 prime?
False
Is 52707071 a composite number?
True
Is 1614437 composite?
True
Is 3065451107 a composite number?
False
Is 22075152419 prime?
True
Is 1130217697 prime?
False
Is 622433681 composite?
True
Is 59239019963 a prime number?
True
Is 3124014515 a composite number?
True
Is 5752713479 a composite number?
False
Is 19831838245 a prime number?
False
Is 502951117 a composite number?
False
Is 252512089 a composite number?
False
Is 359618591 composite?
True
Is 20610506201 prime?
True
Is 8753371751 prime?
True
Is 344484901 prime?
True
Is 2669211547 composite?
True
Is 1971433183 prime?
True
Is 48368643251 prime?
True
Is 99261472493 a prime number?
True
Is 49197377101 composite?
False
Is 13677070853 composite?
False
Is 4603066943 a composite number?
False
Is 1231436867 composite?
False
Is 2244741845 prime?
False
Is 297590443 composite?
False
Is 4072666133 a prime number?
True
Is 314284513 a prime number?
False
Is 311807981 a prime number?
True
Is 7261306909 prime?
False
Is 6005527301 a prime number?
True
Is 195060221 a composite number?
True
Is 79061622349 prime?
False
Is 142946051 prime?
True
Is 10310024161 composite?
True
Is 1363207103 composite?
True
Is 177530413 a composite number?
False
Is 1965573901 a composite number?
False
Is 259233343 prime?
False
Is 1227066323 a composite number?
True
Is 58446318913 a composite number?
False
Is 2301045959 prime?
False
Is 44567341257 prime?
False
Is 1514051867 composite?
False
Is 11074496689 composite?
True
Is 27805321241 composite?
True
Is 292305273034 composite?
True
Is 626155043 a prime number?
True
Is 30821566649 composite?
False
Is 121574185129 a prime number?
True
Is 5921767169 a prime number?
False
Is 797032091 composite?
True
Is 842020331 prime?
True
Is 3742034759 composite?
True
Is 9932999 a composite number?
False
Is 135728473 composite?
True
Is 9189281363 a prime number?
True
Is 2353569287 a prime number?
True
Is 19745961103 a composite number?
True
Is 11384440027 composite?
False
Is 11253931463 a prime number?
True
Is 13574882203 a composite number?
False
Is 10344770879 a prime number?
True
Is 221380651991 prime?
False
Is 761917273 composite?
True
Is 2938539613 a composite number?
False
Is 527799109 a prime number?
False
Is 2302750633 a composite number?
True
Is 6114156901 prime?
True
Is 17572078529 a prime number?
True
Is 207960373 a composite number?
True
Is 1723598293 a prime number?
True
Is 9504343421 a prime number?
False
Is 193187749 a prime number?
False
Is 3024706781 prime?
True
Is 30357800131 a composite number?
True
Is 10020118391 composite?
True
Is 303886903 prime?
False
Is 162343059 composite?
True
Is 799509017 prime?
False
Is 10328607277 a composite number?
False
Is 18591680083 a composite number?
False
Is 315016787 a prime number?
True
Is 62992185791 composite?
False
Is 4203762421 composite?
True
Is 460009105 composite?
True
Is 15450203859 a composite number?
True
Is 993730187 composite?
False
Is 868231039 prime?
False
Is 1639190717 a composite number?
False
Is 901619963 a prime number?
False
Is 784858727 prime?
True
Is 10953608998 composite?
True
Is 15200262373 prime?
False
Is 396547469 a prime number?
True
Is 11270826347 prime?
False
Is 499547047 a composite number?
False
Is 2145992657 prime?
True
Is 60767746239 composite?
True
Is 41761581061 prime?
True
Is 18273458527 prime?
True
Is 10130708509 a composite number?
False
Is 144593875103 composite?
True
Is 2565574709 a composite number?
True
Is 903746099 a composite number?
False
Is 347979529 composite?
True
Is 5549487443 composite?
False
Is 64637672233 a composite number?
False
Is 13182038011 a composite number?
False
Is 22471304293 prime?
False
Is 7987299357 a prime number?
False
Is 87638588951 a prime number?
True
Is 4490046833 a prime number?
False
Is 22059852493 a composite number?
True
Is 520102579 a prime number?
False
Is 4134400103 composite?
False
Is 11331062313 a prime number?
False
Is 2281056421 a prime number?
False
Is 1089661261 a composite number?
True
Is 3243189317 composite?
False
Is 4336100141 a prime number?
True
Is 304357399 prime?
False
Is 478828313 prime?
True
Is 697317693 prime?
False
Is 57711626207 prime?
True
Is 263876581 a composite number?
False
Is 234730065607 a composite number?
False
Is 4033883899 prime?
False
Is 67220097071 composite?
True
Is 20002262093 composite?
True
Is 7132466707 a prime number?
True
Is 11654118197 a prime number?
True
Is 770652941 a composite number?
False
Is 8489788667 a composite number?
False
Is 31288153669 a composite number?
True
Is 155727029 prime?
True
Is 87524777503 prime?
False
Is 1572322589 a composite number?
False
Is 81936086 a composite number?
True
Is 1636674019 prime?
False
Is 766710139 composite?
True
Is 862480093 a prime number?
False
Is 119670781 a prime number?
True
Is 121277249921 a composite number?
True
Is 2727515617 a prime number?
True
Is 4773572203 composite?
False
Is 26497520311 composite?
False
Is 1286415407 a prime number?
True
Is 518457217 a composite number?
False
Is 11649811157 composite?
True
Is 4515737 composite?
False
Is 3306536983 composite?
False
Is 13795615363 a composite number?
False
Is 6123879691 prime?
False
Is 4706754401 prime?
True
Is 1054897741 prime?
True
Is 3886950271 a composite number?
True
Is 135925553 prime?
False
Is 2607565657 composite?
False
Is 1063629131 a prime number?
True
Is 23838636361 a composite number?
False
Is 6105681311 a prime number?
False
Is 1658625214 composite?
True
Is 3561739591 composite?
True
Is 34113018991 composite?
True
Is 63187365827 composite?
True
Is 3938702531 a prime number?
True
Is 256908521 composite?
False
Is 6088711919 a composite number?
False
Is 16761567601 composite?
True
Is 3298795229 prime?
True
Is 4781355133 a prime number?
True
Is 10701489061 prime?
True
Is 1881094913 prime?
False
Is 4393967221 composite?
True
Is 1400350747 a prime number?
True
Is 80698238 a composite number?
True
Is 635778229 composite?
True
Is 6001483717 composite?
True
Is 758205109 composite?
True
Is 5489460671 composite?
False
Is 32586485273 composite?
False
Is 1552027406 a prime number?
False
Is 24469293929 a composite number?
False
Is 156471802327 a composite number?
True
Is 23613011689 composite?
False
Is 706823483 composite?
True
Is 8293627541 composite?
False
Is 100440212047 composite?
True
Is 486303569 composite?
True
Is 647162071 composite?
False
Is 5105416405 a prime number?
False
Is 10028861477 a prime number?
False
Is 23955087643 composite?
False
Is 553116485 a composite number?
True
Is 78909881 a composite number?
True
Is 6038968409 composite?
False
Is 276245369 composite?
False
Is 31192244111 prime?
False
Is 31501097107 a composite number?
False
Is 1304762971 prime?
False
Is 985355467 a composite number?
False
Is 4642690037 composite?
False
Is 800531821 prime?
True
Is 35045933647 prime?
True
Is 357693109 prime?
True
Is 26145201659 composite?
False
Is 2288650859 prime?
False
Is 383709569 a prime number?
True
Is 7827715939 a composite number?
True
Is 485574139 prime?
False
Is 1559915921 a composite number?
False
Is 331752469 a prime number?
False
Is 4317830431 a composite number?
False
Is 490488962 a composite number?
True
Is 16553830727 a composite number?
True
Is 170604921359 a composite number?
True
Is 6757374059 composite?
True
Is 30772663 a prime number?
True
Is 5523088723 prime?
False
Is 19495151 a prime number?
False
Is 976576789 a prime number?
True
Is 67235653 a prime number?
True
Is 17757015971 a composite number?
False
Is 2748103537 a composite number?
False
Is 15339928753 composite?
True
Is 7061115947 a prime number?
True
Is 6875815783 a composite number?
True
Is 1273202569 a composite number?
False
Is 10406064189 a prime number?
False
Is 19826644651 a composite number?
True
Is 12973173602 a composite number?
True
Is 1933703841 a composite number?
True
Is 12262008673 prime?
True
Is 45058371659 prime?
False
Is 196266889769 prime?
True
Is 6013810181 prime?
True
Is 875850697 prime?
True
Is 9757108169 a prime number?
True
Is 55285396459 a composite number?
False
Is 3404720861 prime?
True
Is 8310658297 prime?
True
Is 17105082119 prime?
True
Is 5684394323 prime?
False
Is 1291102249 a composite number?
True
Is 23032729609 prime?
Fals